Give k(-6).
-55
Let y(z) = -3*z**3 + 131*z**2 - 214*z + 147. What is y(42)?
-21
Let y(s) = -2*s**2 - 227*s - 881. Calculate y(-4).
-5
Let q(s) = -94*s + 3413. Give q(36).
29
Let b(o) = 25*o - 1055. What is b(46)?
95
Let t(j) = 2*j**2 + 294*j - 1852. What is t(6)?
-16
Let p(z) = 513*z - 12833. Give p(25).
-8
Let b(p) = -32*p - 412. Calculate b(-13).
4
Let o(d) = -2*d - 248. What is o(-37)?
-174
Let y(n) = -63*n - 2972. Give y(-47).
-11
Let p(c) = -3*c + 200. Determine p(49).
53
Let m(a) = -a**3 - 29*a**2 - 57*a - 33. Calculate m(-27).
48
Let r(s) = -s**3 - 8*s**2 + 17*s + 17. Calculate r(-9).
-55
Let p(q) = 28*q - 4. Calculate p(-1).
-32
Let x(l) = l**3 + 14*l**2 - 53*l - 35. What is x(-17)?
-1
Let z(s) = s**3 - 35*s**2 + 3*s - 82. What is z(35)?
23
Let i(h) = -15*h + 44. What is i(3)?
-1
Let d(r) = -r**3 - 78*r**2 - 156*r - 277. Give d(-76).
27
Let g(t) = -t**2 - t + 70. What is g(7)?
14
Let a(h) = 59*h - 2207. Determine a(43).
330
Let t(p) = -123*p - 1267. What is t(-11)?
86
Let u(i) = 30*i - 113. What is u(19)?
457
Let g(p) = 2*p**3 + 27*p**2 - 50*p - 6. Give g(2).
18
Let i(x) = -2*x**3 + 191*x**2 - 286*x + 383. Give i(94).
7
Let m(z) = z**3 + 69*z**2 + 135*z - 107. Calculate m(-67).
-174
Let x(a) = 811*a**2 - 4865*a - 16. Determine x(6).
-10
Let g(j) = 6*j - 255. What is g(41)?
-9
Let d(z) = -3293*z + 16464. Give d(5).
-1
Let d(x) = x**2 - 160*x + 1499. What is d(10)?
-1
Let q(w) = 15*w**3 - w**2 - 169*w - 167. Determine q(-1).
-14
Let d(c) = 2*c**2 + 271*c + 8278. Calculate d(-47).
-41
Let z(n) = -2*n**3 + 52*n**2 + 201*n - 3973. Determine z(27).
-4
Let u(s) = 3*s**2 - 112*s - 70. What is u(38)?
6
Let y(s) = 2*s**2 - 81*s + 999. Give y(19).
182
Let g(w) = -2503*w - 30046. Calculate g(-12).
-10
Let q(w) = w**2 - 9*w + 8. Determine q(4).
-12
Let m(u) = -35*u - 29. Determine m(5).
-204
Let x(o) = 135*o**3 - 23*o**2 + 4*o + 18. Give x(1).
134
Let b(v) = v**3 - 10*v**2 - 3*v - 62. Give b(10).
-92
Let j(g) = g**3 - 48*g**2 - 85*g - 718. Calculate j(50).
32
Let f(s) = -s**2 - 7*s + 162. Calculate f(9).
18
Let s(u) = -10*u**2 + 37*u + 214. Calculate s(-5).
-221
Let i(c) = 47*c + 85. What is i(-4)?
-103
Let j(b) = 2*b**3 + 22*b + 98. Determine j(-6).
-466
Let n(t) = t**2 + 35*t + 134. Determine n(-29).
-40
Let s(g) = -g**3 + 7*g**2 + 79*g + 2. Give s(-6).
-4
Let g(d) = 173*d - 6578. What is g(38)?
-4
Let p(a) = -2*a**2 + 20*a + 465. Give p(-13).
-133
Let f(q) = -53*q - 660. Determine f(-12).
-24
Let i(s) = 10*s**2 - 423*s - 301. Give i(43).
0
Let o(p) = 19*p**3 - 39*p**2 - 176*p + 11. What is o(-4)?
-1125
Let y(n) = 4*n**2 - 100*n - 597. Determine y(30).
3
Let u(b) = -b**3 - 35*b**2 - 188*b + 1. What is u(-28)?
-223
Let m(n) = -365*n - 2551. Calculate m(-7).
4
Let n(b) = -3*b**2 - 2*b + 194. What is n(-8)?
18
Let z(p) = -p**3 - 63*p**2 - 56*p + 369. Determine z(-62).
-3
Let l(v) = -v**3 - 4*v**2 - 20*v - 122. Calculate l(-5).
3
Let r(o) = -418*o + 75. Calculate r(-1).
493
Let m(x) = -1077*x - 21595. Give m(-20).
-55
Let w(u) = 3*u**3 - 11*u**2 + 1142*u - 4584. Calculate w(4).
0
Let c(a) = 65*a + 426. What is c(-5)?
101
Let f(m) = 2*m**3 - m**2 - 22*m - 58. Give f(-3).
-55
Let o(f) = f**3 - 24*f**2 + 135*f + 66. What is o(14)?
-4
Let q(j) = 1155*j + 12713. Give q(-11).
8
Let s(i) = i**3 + 33*i**2 - 65*i + 172. Determine s(-35).
-3
Let u(s) = -s**2 - 108*s + 10360. Calculate u(-169).
51
Let z(n) = -2*n**3 + 3556*n - 29. Determine z(0).
-29
Let r(z) = 2*z**2 - 36*z + 216. Determine r(11).
62
Let v(x) = x**2 - 44*x + 179. Determine v(18).
-289
Let v(h) = -2*h**2 + 92*h + 627. What is v(52)?
3
Let b(a) = -a**3 + 12*a**2 - 10*a + 5. Determine b(4).
93
Let w(o) = -o**2 + 12*o + 1318. Determine w(-31).
-15
Let g(u) = u**3 + 32*u**2 + 122*u + 273. Calculate g(-28).
-7
Let s(y) = -19*y**2 + 175*y - 6. Give s(0).
-6
Let p(i) = -i**3 + 97*i**2 + 515*i + 17. Determine p(-5).
-8
Let a(y) = -75*y - 298. Determine a(-3).
-73
Let j(d) = 5*d**2 + 3*d - 39. Calculate j(-8).
257
Let q(i) = i**2 - 50*i - 30. Give q(-12).
714
Let h(r) = 73*r + 774. What is h(-11)?
-29
Let g(a) = 8*a**3 - 20*a**2 - 15*a + 10. Give g(5).
435
Let g(v) = -164*v - 4. What is g(0)?
-4
Let t(x) = x**2 - 20*x - 10. What is t(-12)?
374
Let p(w) = 49*w + 603. Calculate p(-12).
15
Let z(w) = -4*w**2 - 1205*w + 15999. Give z(-314).
-15
Let s(m) = -3*m**2 - 129*m + 279. Calculate s(-45).
9
Let b(a) = -63*a - 3470. Calculate b(-58).
184
Let b(t) = 6*t**3 - t**2 - 41*t - 80. What is b(-2)?
-50
Let t(m) = m**3 + 23*m**2 + 24*m + 42. Determine t(-22).
-2
Let s(d) = d**2 - 4. Determine s(-3).
5
Let y(s) = -2*s**3 - 60*s**2 - 68*s - 299. Give y(-29).
-9
Let s(j) = -j**2 - 29*j - 181. Calculate s(-9).
-1
Let q(c) = -c**3 + 34*c**2 - 26*c + 45. What is q(33)?
276
Let w(y) = -67*y + 334. Give w(5).
-1
Let h(u) = 2*u**3 + 40*u**2 - 45*u - 72. Determine h(-21).
-9
Let j(u) = -10*u + 64. Calculate j(7).
-6
Let f(j) = -2*j**2 + 116*j + 322. Give f(61).
-44
Let x(a) = a**3 + 7*a**2 + 23*a + 190. Calculate x(-8).
-58
Let q(u) = u**2 + 54*u + 483. Calculate q(-43).
10
Let d(s) = 216*s - 13. What is d(1)?
203
Let h(u) = -21*u**2 + 5*u - 48. Give h(5).
-548
Let v(c) = -c**2 - 5*c + 85. Give v(10).
-65
Let h(k) = 2*k**3 - 2*k**2 - 25*k + 4. Determine h(3).
-35
Let o(i) = -11*i**2 + 165*i + 2. What is o(15)?
2
Let p(i) = -4*i**2 - 187*i + 17. Calculate p(-47).
-30
Let s(t) = t**2 + 4079*t + 101342. Give s(-25).
-8
Let g(h) = 139*h + 384. Give g(-2).
106
Let v(x) = 14*x - 477. Calculate v(38).
55
Let r(c) = c**2 - 22*c - 50049. Give r(-213).
6
Let t(c) = 3*c**2 - 68*c + 84. Calculate t(10).
-296
Let t(b) = -60*b**3 + 2*b**2 + 2*b - 1. Give t(1).
-57
Let t(y) = 71*y + 1336. Determine t(-19).
-13
Let g(s) = 4*s + 38. Calculate g(19).
114
Let z(s) = 99*s**2 + 751*s - 329. What is z(-8)?
-1
Let p(i) = 67*i - 1743. Calculate p(26).
-1
Let o(c) = 4*c**3 + 297*c**2 - 227*c - 163. Calculate o(-75).
-13
Let f(s) = -s**3 + 29*s**2 - 118*s - 18. Determine f(5).
-8
Let j(u) = -u**3 + 5*u**2 + 21*u + 64. Determine j(-6).
334
Let l(j) = j**3 + 24*j**2 - 64*j - 105. Determine l(-26).
207
Let w(s) = s**3 + 17*s**2 + 41*s + 180. Give w(-15).
15
Let l(x) = -x**3 + 5*x**2 - 73*x + 199. Determine l(3).
-2
Let g(z) = 4*z**3 - 5*z**2 + 11*z - 11. Give g(2).
23
Let v(m) = m**2 - 23*m - 14. Calculate v(22).
-36
Let j(r) = -3*r**2 - 186*r - 2480. Calculate j(-19).
-29
Let u(m) = 3*m**3 - 692*m**2 + 2492*m + 1131. Determine u(227).
-4
Let i(r) = -2*r**3 - 51*r**2 + 14*r - 19. Calculate i(-26).
293
Let h(n) = -3*n**3 + 17*n**2 + 69*n - 406. Give h(5).
-11
Let t(j) = -30*j**2 - 88*j + 6. Determine t(-3).
0
Let y(f) = -3*f**2 - 146*f + 203. Determine y(-49).
154
Let t(f) = -42*f - 11. Determine t(-2).
73
Let h(t) = t**2 - 67*t + 488. Calculate h(8).
16
Let q(k) = 3*k**3 + 28*k**2 + 36*k + 22. Give q(-8).
-10
Let o(v) = 33*v + 633. Determine o(-20).
-27
Let q(x) = -27*x**2 - 566*x + 619. Give q(-22).
3
Let q(p) = -p**3 + 3*p**2 - 9*p + 33. Calculate q(4).
-19
Let x(a) = a**3 + 5*a**2 + 7*a - 14. Determine x(1).
-1
Let b(m) = -90*m - 13520. Give b(-150).
-20
Let m(t) = 283*t - 13295. Calculate m(47).
6
Let a(l) = 6*l**2 + 892*l + 569. What is a(-148)?
-23
Let u(k) = -k**3 + 22*k**2 + 54*k - 3. Calculate u(24).
141
Let d(p) = -929*p + 3680. Give d(4).
-36
Let z(l) = 4*l**2 + 29*l + 55. Determine z(-11).
220
Let y(o) = 68*o + 88. What is y(-1)?
20
Let i(z) = -z**3 - 42*z**2 + 27*z - 188. Calculate i(-43).
500
Let x(o) = 11*o**2 + 11*o - 156. What is x(7)?
460
Let u(l) = -l**2 - 100*l - 1246. Give u(-15).
29
Let m(o) = o**3 + 51*o**2 + 12*o + 3334. Determine m(-52).
6
Let p(h) = -8*h**2 - 7*h + 472. Determine p(-8).
16
Let q(d) = -6*d**3 + 32*d**2 - 5*d + 26. Give q(5).
51
Let g(d) = -8*d**2 - 46*d + 417. Give g(7).
-297
Let s(l) = -l + 27. Give s(31).
-4
Let j(g) = -18*g**3 + 272*g**2 - 62*g + 453. Give j(15).
-27
Let a(i) = 12*i - 32. Determine a(5).
28
Let f(z) = -2*z**3 - 9*z**2 + 200*z + 254. Determine f(-12).
14
Let o(f) = -f**3 + 151*f**2 - 146*f - 6. What is o(1)?
-2
Let i(f) = -73237*f + 146479. Give i(2).
5
Let x(j) = -13*j**2 - 427*j - 147. What is x(-33)?
-213
Let p(u) = -u**3 - 12*u**2 - 32*u + 5. Give p(-5).
-10
Let t(o) = -2*o**2 + 3*o - 5. What is t(5)?
-40
Let x(m) = -27*m - 17. What is x(5)?
-152
Let h(r) = 9*r**2 - 15*r - 23. Cal